 hundred thousands digit of 23201371?
2
What is the hundred thousands digit of 354013?
3
What is the hundred thousands digit of 5803833?
8
What is the units digit of 283772?
2
What is the ten thousands digit of 819582?
1
What is the units digit of 829107?
7
What is the hundreds digit of 12605?
6
What is the hundred thousands digit of 166486?
1
What is the tens digit of 122390?
9
What is the ten thousands digit of 303661?
0
What is the hundreds digit of 170772?
7
What is the millions digit of 5352723?
5
What is the ten thousands digit of 1561572?
6
What is the hundred thousands digit of 227154?
2
What is the units digit of 1049876?
6
What is the hundreds digit of 11608283?
2
What is the hundred thousands digit of 1257183?
2
What is the ten thousands digit of 5170251?
7
What is the units digit of 14366940?
0
What is the hundreds digit of 862098?
0
What is the ten thousands digit of 249432?
4
What is the hundred thousands digit of 163391?
1
What is the tens digit of 177127?
2
What is the tens digit of 12450744?
4
What is the ten thousands digit of 6726158?
2
What is the tens digit of 723065?
6
What is the tens digit of 575571?
7
What is the units digit of 62710?
0
What is the tens digit of 311752?
5
What is the ten thousands digit of 526579?
2
What is the ten thousands digit of 82362?
8
What is the millions digit of 2248320?
2
What is the hundreds digit of 4758183?
1
What is the hundred thousands digit of 132259?
1
What is the ten thousands digit of 123918?
2
What is the tens digit of 3137027?
2
What is the hundred thousands digit of 6045356?
0
What is the hundreds digit of 848273?
2
What is the hundreds digit of 5133433?
4
What is the hundred thousands digit of 19114880?
1
What is the ten thousands digit of 194012?
9
What is the thousands digit of 21297?
1
What is the units digit of 4168342?
2
What is the ten thousands digit of 555181?
5
What is the hundred thousands digit of 665393?
6
What is the hundred thousands digit of 300417?
3
What is the thousands digit of 8114365?
4
What is the thousands digit of 2770513?
0
What is the hundreds digit of 14951211?
2
What is the tens digit of 179299?
9
What is the hundred thousands digit of 2152652?
1
What is the hundreds digit of 7595826?
8
What is the hundreds digit of 1172815?
8
What is the thousands digit of 313082?
3
What is the hundreds digit of 1428077?
0
What is the tens digit of 1364240?
4
What is the hundreds digit of 5808664?
6
What is the hundreds digit of 3663919?
9
What is the thousands digit of 171171?
1
What is the units digit of 8158373?
3
What is the tens digit of 110226?
2
What is the thousands digit of 217262?
7
What is the ten thousands digit of 397750?
9
What is the millions digit of 5176916?
5
What is the hundreds digit of 157786?
7
What is the tens digit of 8555357?
5
What is the hundreds digit of 6053903?
9
What is the units digit of 898736?
6
What is the units digit of 8016991?
1
What is the thousands digit of 125661?
5
What is the tens digit of 267304?
0
What is the thousands digit of 204424?
4
What is the thousands digit of 5155034?
5
What is the ten thousands digit of 3710190?
1
What is the units digit of 2154353?
3
What is the hundreds digit of 10477842?
8
What is the units digit of 15464188?
8
What is the tens digit of 533765?
6
What is the ten millions digit of 21211653?
2
What is the millions digit of 1868978?
1
What is the hundreds digit of 1820330?
3
What is the millions digit of 3270700?
3
What is the units digit of 343843?
3
What is the hundreds digit of 211027?
0
What is the ten thousands digit of 230751?
3
What is the units digit of 13587776?
6
What is the millions digit of 4548991?
4
What is the hundred thousands digit of 851415?
8
What is the ten millions digit of 21964900?
2
What is the millions digit of 2824377?
2
What is the hundred thousands digit of 581831?
5
What is the hundreds digit of 2320023?
0
What is the hundred thousands digit of 4822580?
8
What is the ten thousands digit of 1276481?
7
What is the hundreds digit of 3821286?
2
What is the thousands digit of 6443757?
3
What is the hundreds digit of 2044616?
6
What is the ten thousands digit of 601140?
0
What is the hundred thousands digit of 248237?
2
What is the thousands digit of 3138219?
8
What is the thousands digit of 199182?
9
What is the ten thousands digit of 14627261?
2
What is the units digit of 6916246?
6
What is the units digit of 2764649?
9
What is the hundred thousands digit of 2663908?
6
What is the hundred thousands digit of 793168?
7
What is the thousands digit of 264691?
4
What is the thousands digit of 3909811?
9
What is the hundreds digit of 14190715?
7
What is the hundred thousands digit of 2161364?
1
What is the thousands digit of 31837593?
7
What is the tens digit of 1129496?
9
What is the units digit of 2939483?
3
What is the thousands digit of 688604?
8
What is the hundreds digit of 648278?
2
What is the ten thousands digit of 1023876?
2
What is the hundreds digit of 241801?
8
What is the hundred thousands digit of 296740?
2
What is the hundred thousands digit of 317982?
3
What is the ten thousands digit of 75971?
7
What is the thousands digit of 49561?
9
What is the tens digit of 22407982?
8
What is the millions digit of 1408214?
1
What is the thousands digit of 30658710?
8
What is the ten thousands digit of 11693?
1
What is the units digit of 417904?
4
What is the tens digit of 3526987?
8
What is the tens digit of 15250?
5
What is the thousands digit of 802956?
2
What is the hundreds digit of 133285?
2
What is the ten thousands digit of 739283?
3
What is the millions digit of 24111741?
4
What is the tens digit of 832051?
5
What is the hundreds digit of 59992?
9
What is the hundred thousands digit of 174531?
1
What is the ten thousands digit of 2758500?
5
What is the tens digit of 1619667?
6
What is the ten thousands digit of 4854289?
5
What is the hundred thousands digit of 2973441?
9
What is the ten thousands digit of 712928?
1
What is the ten thousands digit of 197362?
9
What is the ten thousands digit of 82414?
8
What is the hundreds digit of 213609?
6
What is the tens digit of 632592?
9
What is the hundreds digit of 95441?
4
What is the tens digit of 1932778?
7
What is the thousands digit of 764084?
4
What is the thousands digit of 2037387?
7
What is the millions digit of 1047752?
1
What is the thousands digit of 1651578?
1
What is the ten thousands digit of 3223875?
2
What is the ten thousands digit of 48168?
4
What is the hundred thousands digit of 2168499?
1
What is the hundred thousands digit of 631751?
6
What is the hundreds digit of 884684?
6
What is the units digit of 6137238?
8
What is the tens digit of 535584?
8
What is the tens digit of 28121664?
6
What is the tens digit of 79841?
4
What is the hundred thousands digit of 11036415?
0
What is the hundreds digit of 2458?
4
What is the tens digit of 692435?
3
What is the ten millions digit of 12290261?
1
What is the tens digit of 24954619?
1
What is the hundred thousands digit of 375852?
3
What is the units digit of 4091325?
5
What is the ten thousands digit of 365430?
6
What is the thousands digit of 123899?
3
What is the hundreds digit of 7963203?
2
What is the thousands digit of 1254216?
4
What is the millions digit of 8060716?
8
What is the ten millions digit of 15258917?
1
What is the hundreds digit of 416557?
5
What is the hundreds digit of 2414627?
6
What is the tens digit of 254587?
8
What is the hundred thousands digit of 423807?
4
What is the millions digit of 6003046?
6
What is the hundred thousands digit of 329948?
3
What is the hundred thousands digit of 447231?
4
What is the millions digit of 8422721?
8
What is the units digit of 1880633?
3
What is the ten thousands digit of 1303887?
0
What is the hundreds digit of 184002?
0
What is the millions digit of 25433295?
5
What is the hundred thousands digit of 1643214?
6
What is the hundreds digit of 1074390?
3
What is the hundreds digit of 182961?
9
What is the hundreds digit of 3678434?
4
What is the thousands digit of 253945?
3
What is the hundred thousands digit of 418572?
4
What is the thousands digit of 3800926?
0
What is the hundreds digit of 5474706?
7
What is the hundred thousands digit of 653205?
6
What is the thousands digit of 378096?
8
What i